{"id":17990,"date":"2026-01-09T13:30:50","date_gmt":"2026-01-09T17:30:50","guid":{"rendered":"https:\/\/www.perroquetsecours.com\/?post_type=des-oiseaux&#038;p=17990"},"modified":"2026-01-09T13:30:50","modified_gmt":"2026-01-09T17:30:50","slug":"09-janv-2026-vu-perruche-verte-et-jaune-a-quebec-qc","status":"publish","type":"des-oiseaux","link":"https:\/\/www.perroquetsecours.com\/en\/des-oiseaux\/09-janv-2026-vu-perruche-verte-et-jaune-a-quebec-qc","title":{"rendered":"(09 janv. 2026) vu perruche verte et jaune \u00e0 Qu\u00e9bec QC"},"content":{"rendered":"","protected":false},"featured_media":17991,"template":"","class_list":["post-17990","des-oiseaux","type-des-oiseaux","status-publish","has-post-thumbnail","hentry"],"acf":{"user":265,"type_dannonce":"oiseau-vu","statut":"actif","informations_generales_sur_loiseau":{"nom_de_loiseau":"","espece":"petites-perruches-ondulee-anglaise-etc","sous-espece":"","sexe_de_loiseau":"inconnu","couleur_principale":"vert"},"avis_de_recherche_informations_sur_loiseau":{"age_de_loiseau":"","si_l\u2019oiseau_a_une_bague_le_nom":"","plumes_de_vol":"ne-sait-pas","identification":["ne-sait-pas"],"couleurs_secondaires_et_autres_caracteristiques":"","informations_supplementaires":""},"avis_de_recherche_localisation":{"titre_de_lannonce":"","date":"20260109","province":"quebec","regions_administrative":"Capitale Nationale","ville":"Qu\u00e9bec","localisation_exacte":"\u00c9cole secondaire du Phare, rue de la Faune"},"avis_de_recherche_contact":{"nom_et_prenom":"Perroquet Secours","courriel":"Avisderecherche@perroquetsecours.com","telephone":"450-567-8765","lien_vers_votre_profil_facebook":"","num_de_bague_ou_puce":"","je_renonce":"non"},"helpers":{"texte_de_laffiche_fr":"Vu perruche verte et jaune \u00e0 Qu\u00e9bec QC, \u00e0 l\u2019\u00e9cole secondaire du Phare, rue de la Faune","texte_de_laffiche_en":"Signets green and yellow budgie in Qu\u00e9bec QC, Du Phare High School, on De la Faune street "}},"aioseo_notices":[],"_links":{"self":[{"href":"https:\/\/www.perroquetsecours.com\/en\/wp-json\/wp\/v2\/des-oiseaux\/17990","targetHints":{"allow":["GET"]}}],"collection":[{"href":"https:\/\/www.perroquetsecours.com\/en\/wp-json\/wp\/v2\/des-oiseaux"}],"about":[{"href":"https:\/\/www.perroquetsecours.com\/en\/wp-json\/wp\/v2\/types\/des-oiseaux"}],"acf:user":[{"embeddable":true,"href":"https:\/\/www.perroquetsecours.com\/en\/wp-json\/wp\/v2\/users\/265"}],"wp:featuredmedia":[{"embeddable":true,"href":"https:\/\/www.perroquetsecours.com\/en\/wp-json\/wp\/v2\/media\/17991"}],"wp:attachment":[{"href":"https:\/\/www.perroquetsecours.com\/en\/wp-json\/wp\/v2\/media?parent=17990"}],"curies":[{"name":"wp","href":"https:\/\/api.w.org\/{rel}","templated":true}]}}

(09 janv. 2026) vu perruche verte et jaune à Québec QC

Québec

École secondaire du Phare, rue de la Faune

Vu perruche verte et jaune à Québec QC, à l’école secondaire du Phare, rue de la Faune

Signets green and yellow budgie in Québec QC, Du Phare High School, on De la Faune street
