{"id":23577,"date":"2026-08-30T11:25:59","date_gmt":"2026-08-30T15:25:59","guid":{"rendered":"https:\/\/www.perroquetsecours.com\/?post_type=des-oiseaux&#038;p=23577"},"modified":"2026-08-30T21:20:34","modified_gmt":"2026-08-31T01:20:34","slug":"30-aout-2026-vu-inseparable-hybride-a-quebec-qc","status":"publish","type":"des-oiseaux","link":"https:\/\/www.perroquetsecours.com\/en\/des-oiseaux\/30-aout-2026-vu-inseparable-hybride-a-quebec-qc","title":{"rendered":"(30 ao\u00fbt 2026) vu ins\u00e9parable hybride \u00e0 Qu\u00e9bec QC"},"content":{"rendered":"<table width=\"100%\">\n<tbody>\n<tr>\n<td><\/td>\n<td width=\"660\">\n<table width=\"100%\">\n<tbody>\n<tr>\n<td>\n<table width=\"100%\">\n<tbody>\n<tr>\n<td>\n<table width=\"100%\">\n<tbody>\n<tr>\n<td><strong>Titre de l&rsquo;annonce<\/strong><\/td>\n<\/tr>\n<tr>\n<td>Ins\u00e9parable hybride vu<\/td>\n<\/tr>\n<tr>\n<td><strong>Bird Status<\/strong><\/td>\n<\/tr>\n<tr>\n<td>Vous avez vu un oiseau<\/td>\n<\/tr>\n<tr>\n<td><strong>Date<\/strong><\/td>\n<\/tr>\n<tr>\n<td>08\/30\/2026<\/td>\n<\/tr>\n<tr>\n<td><strong>Province<\/strong><\/td>\n<\/tr>\n<tr>\n<td>Qu\u00e9bec<\/td>\n<\/tr>\n<tr>\n<td><strong>R\u00e9gions administratives &#8211; R\u00c9GION DU QU\u00c9BEC<\/strong><\/td>\n<\/tr>\n<tr>\n<td>Capitale Nationale<\/td>\n<\/tr>\n<tr>\n<td><strong>City<\/strong><\/td>\n<\/tr>\n<tr>\n<td>Qu\u00e9bec<\/td>\n<\/tr>\n<tr>\n<td><strong>Pr\u00e9cisez \u00e9galement *intersections, rues, arrondissement ou secteur*<\/strong><\/td>\n<\/tr>\n<tr>\n<td>Quartier Montcalm<\/td>\n<\/tr>\n<tr>\n<td><strong>Species<\/strong><\/td>\n<\/tr>\n<tr>\n<td>Lovebirds<\/td>\n<\/tr>\n<tr>\n<td><strong>Specify subspecies if applicable<\/strong><\/td>\n<\/tr>\n<tr>\n<td>Hybride<\/td>\n<\/tr>\n<tr>\n<td><strong>Sexe de l&rsquo;oiseau<\/strong><\/td>\n<\/tr>\n<tr>\n<td>Unknown<\/td>\n<\/tr>\n<tr>\n<td><strong>Main color<\/strong><\/td>\n<\/tr>\n<tr>\n<td>Green<\/td>\n<\/tr>\n<tr>\n<td><strong>Flight feathers<\/strong><\/td>\n<\/tr>\n<tr>\n<td>Do not know<\/td>\n<\/tr>\n<tr>\n<td><strong>Identification<\/strong><\/td>\n<\/tr>\n<tr>\n<td>Do not know<\/td>\n<\/tr>\n<tr>\n<td><strong>Couleurs secondaires et autres caract\u00e9ristiques *ne pas divulguer le no inscrit sur la puce ou la bague dans cette section*<\/strong><\/td>\n<\/tr>\n<tr>\n<td>Un peu de p\u00eache, rouge&#8230;dominant vert<\/td>\n<\/tr>\n<tr>\n<td><strong>Additional Information<\/strong><\/td>\n<\/tr>\n<tr>\n<td>Il avait l&rsquo;air bless\u00e9 \u00e0 la patte droite..sur vos images d&rsquo;oiseaux vu, c&rsquo;est probablement le m\u00eame qui a atterit sur le bord de ma fen\u00eatre au 12e \u00e9tage. Il criait beaucoup et il est arriv\u00e9 vers 16h30 apr\u00e8s l&rsquo;orage violent. Il \u00e9tait tout tremp\u00e9. J&rsquo;ai essay\u00e9 de le faire entrer mais un coup de tonnnere a retentit et il s&rsquo;est envol\u00e9 vers le bas de la rue de Bourlamaque coin chemin sainte-foy. J&rsquo;ai \u00e9t\u00e9 dehors avec mon voyageur \u00e0 perroquet et des graines en faisant jouer des cris d&rsquo;ins\u00e9parable&#8230;je l&rsquo;entendais plus par la suite&#8230;malheureusement j&rsquo;ai pas pu le prendre en photo mais c&rsquo;est le meme que celui affich\u00e9 du quartier saint Roch. J&rsquo;ai avis\u00e9 l&rsquo;animalerie Boutique tropicale de la rue Cartier au cas ou le propri\u00e9taire le cherche&#8230;<\/td>\n<\/tr>\n<tr>\n<td><strong>Nom et pr\u00e9nom<\/strong><\/td>\n<\/tr>\n<tr>\n<td>Caroline Breton<\/td>\n<\/tr>\n<tr>\n<td><strong>E-mail<\/strong><\/td>\n<\/tr>\n<tr>\n<td><a href=\"mailto:caroline.breton@videotron.ca\">caroline.breton@videotron.ca<\/a><\/td>\n<\/tr>\n<tr>\n<td><strong>Phone<\/strong><\/td>\n<\/tr>\n<tr>\n<td>+14185247221<\/td>\n<\/tr>\n<\/tbody>\n<\/table>\n<\/td>\n<\/tr>\n<tr>\n<td>Sent from <a href=\"https:\/\/www.perroquetsecours.com\/en\/\">Perroquetsecours<\/a><\/td>\n<\/tr>\n<\/tbody>\n<\/table>\n<\/td>\n<\/tr>\n<\/tbody>\n<\/table>\n<\/td>\n<td><\/td>\n<\/tr>\n<\/tbody>\n<\/table>\n<p>&nbsp;<\/p>","protected":false},"featured_media":23576,"template":"","class_list":["post-23577","des-oiseaux","type-des-oiseaux","status-publish","has-post-thumbnail","hentry"],"acf":{"user":4870,"type_dannonce":"oiseau-vu","statut":"actif","informations_generales_sur_loiseau":{"nom_de_loiseau":"","espece":"inseparables","sous-espece":"","sexe_de_loiseau":"inconnu","couleur_principale":"vert"},"avis_de_recherche_informations_sur_loiseau":{"age_de_loiseau":"","si_l\u2019oiseau_a_une_bague_le_nom":"","plumes_de_vol":"taillees","identification":["ne-sait-pas"],"couleurs_secondaires_et_autres_caracteristiques":"Orange","informations_supplementaires":"Patte cass\u00e9e"},"avis_de_recherche_localisation":{"titre_de_lannonce":"Vu - Inseparable","date":"20260830","province":"quebec","regions_administrative":"Capitale Nationale","ville":"Quebec","localisation_exacte":"Quartier St-Roch"},"avis_de_recherche_contact":{"nom_et_prenom":"Emilie","courriel":"em.saudade@gmail.com","telephone":"+14182711437","lien_vers_votre_profil_facebook":"","num_de_bague_ou_puce":"","je_renonce":"non"},"helpers":{"texte_de_laffiche_fr":"Vu ins\u00e9parable hybride \u00e0 Quebec QC, dans le quartier Saint-Roch","texte_de_laffiche_en":"Sighted hybrid lovebird in Quebec QC, Saint-Roch area"}},"_links":{"self":[{"href":"https:\/\/www.perroquetsecours.com\/en\/wp-json\/wp\/v2\/des-oiseaux\/23577","targetHints":{"allow":["GET"]}}],"collection":[{"href":"https:\/\/www.perroquetsecours.com\/en\/wp-json\/wp\/v2\/des-oiseaux"}],"about":[{"href":"https:\/\/www.perroquetsecours.com\/en\/wp-json\/wp\/v2\/types\/des-oiseaux"}],"acf:user":[{"embeddable":true,"href":"https:\/\/www.perroquetsecours.com\/en\/wp-json\/wp\/v2\/users\/4870"}],"wp:featuredmedia":[{"embeddable":true,"href":"https:\/\/www.perroquetsecours.com\/en\/wp-json\/wp\/v2\/media\/23576"}],"wp:attachment":[{"href":"https:\/\/www.perroquetsecours.com\/en\/wp-json\/wp\/v2\/media?parent=23577"}],"curies":[{"name":"wp","href":"https:\/\/api.w.org\/{rel}","templated":true}]}}

(30 août 2026) vu inséparable hybride à Québec QC

<table width="100%">
<tbody>
<tr>
<td></td>
<td width="660">
<table width="100%">
<tbody>
<tr>
<td>
<table width="100%">
<tbody>
<tr>
<td>
<table width="100%">
<tbody>
<tr>
<td><strong>Titre de l&rsquo;annonce</strong></td>
</tr>
<tr>
<td>Inséparable hybride vu</td>
</tr>
<tr>
<td><strong>Bird Status</strong></td>
</tr>
<tr>
<td>Vous avez vu un oiseau</td>
</tr>
<tr>
<td><strong>Date</strong></td>
</tr>
<tr>
<td>08/30/2026</td>
</tr>
<tr>
<td><strong>Province</strong></td>
</tr>
<tr>
<td>Québec</td>
</tr>
<tr>
<td><strong>Régions administratives &#8211; RÉGION DU QUÉBEC</strong></td>
</tr>
<tr>
<td>Capitale Nationale</td>
</tr>
<tr>
<td><strong>City</strong></td>
</tr>
<tr>
<td>Québec</td>
</tr>
<tr>
<td><strong>Précisez également *intersections, rues, arrondissement ou secteur*</strong></td>
</tr>
<tr>
<td>Quartier Montcalm</td>
</tr>
<tr>
<td><strong>Species</strong></td>
</tr>
<tr>
<td>Lovebirds</td>
</tr>
<tr>
<td><strong>Specify subspecies if applicable</strong></td>
</tr>
<tr>
<td>Hybride</td>
</tr>
<tr>
<td><strong>Sexe de l&rsquo;oiseau</strong></td>
</tr>
<tr>
<td>Unknown</td>
</tr>
<tr>
<td><strong>Main color</strong></td>
</tr>
<tr>
<td>Green</td>
</tr>
<tr>
<td><strong>Flight feathers</strong></td>
</tr>
<tr>
<td>Do not know</td>
</tr>
<tr>
<td><strong>Identification</strong></td>
</tr>
<tr>
<td>Do not know</td>
</tr>
<tr>
<td><strong>Couleurs secondaires et autres caractéristiques *ne pas divulguer le no inscrit sur la puce ou la bague dans cette section*</strong></td>
</tr>
<tr>
<td>Un peu de pêche, rouge&#8230;dominant vert</td>
</tr>
<tr>
<td><strong>Additional Information</strong></td>
</tr>
<tr>
<td>Il avait l&rsquo;air blessé à la patte droite..sur vos images d&rsquo;oiseaux vu, c&rsquo;est probablement le même qui a atterit sur le bord de ma fenêtre au 12e étage. Il criait beaucoup et il est arrivé vers 16h30 après l&rsquo;orage violent. Il était tout trempé. J&rsquo;ai essayé de le faire entrer mais un coup de tonnnere a retentit et il s&rsquo;est envolé vers le bas de la rue de Bourlamaque coin chemin sainte-foy. J&rsquo;ai été dehors avec mon voyageur à perroquet et des graines en faisant jouer des cris d&rsquo;inséparable&#8230;je l&rsquo;entendais plus par la suite&#8230;malheureusement j&rsquo;ai pas pu le prendre en photo mais c&rsquo;est le meme que celui affiché du quartier saint Roch. J&rsquo;ai avisé l&rsquo;animalerie Boutique tropicale de la rue Cartier au cas ou le propriétaire le cherche&#8230;</td>
</tr>
<tr>
<td><strong>Nom et prénom</strong></td>
</tr>
<tr>
<td>Caroline Breton</td>
</tr>
<tr>
<td><strong>E-mail</strong></td>
</tr>
<tr>
<td><a href="mailto:caroline.breton@videotron.ca">caroline.breton@videotron.ca</a></td>
</tr>
<tr>
<td><strong>Phone</strong></td>
</tr>
<tr>
<td>+14185247221</td>
</tr>
</tbody>
</table>
</td>
</tr>
<tr>
<td>Sent from <a href="https://www.perroquetsecours.com/en/">Perroquetsecours</a></td>
</tr>
</tbody>
</table>
</td>
</tr>
</tbody>
</table>
</td>
<td></td>
</tr>
</tbody>
</table>
<p>&nbsp;</p>

Patte cassée

Vu inséparable hybride à Quebec QC, dans le quartier Saint-Roch
