{"id":23634,"date":"2026-09-01T17:17:15","date_gmt":"2026-09-01T21:17:15","guid":{"rendered":"https:\/\/www.perroquetsecours.com\/?post_type=des-oiseaux&#038;p=23634"},"modified":"2026-09-01T17:17:15","modified_gmt":"2026-09-01T21:17:15","slug":"31-aout-2026-perdu-inseparable-a-face-peche-a-blainville-qc","status":"publish","type":"des-oiseaux","link":"https:\/\/www.perroquetsecours.com\/en\/des-oiseaux\/31-aout-2026-perdu-inseparable-a-face-peche-a-blainville-qc","title":{"rendered":"(31 ao\u00fbt 2026) perdu ins\u00e9parable \u00e0 face p\u00eache \u00e0 Blainville QC"},"content":{"rendered":"","protected":false},"featured_media":23633,"template":"","class_list":["post-23634","des-oiseaux","type-des-oiseaux","status-publish","has-post-thumbnail","hentry"],"acf":{"user":4552,"type_dannonce":"oiseau-perdu","statut":"actif","informations_generales_sur_loiseau":{"nom_de_loiseau":"","espece":"inseparables","sous-espece":"Quebec","sexe_de_loiseau":"femelle","couleur_principale":"vert"},"avis_de_recherche_informations_sur_loiseau":{"age_de_loiseau":"4 ans","si_l\u2019oiseau_a_une_bague_le_nom":"","plumes_de_vol":"non-taillees","identification":["aucune"],"couleurs_secondaires_et_autres_caracteristiques":"Beau bleue sur dos\/queue","informations_supplementaires":"Bless\u00e9e \u00e0 une patte"},"avis_de_recherche_localisation":{"titre_de_lannonce":"Ins\u00e9parable perdue Blainville\/Ste-Th\u00e9r\u00e8se","date":"20260831","province":"quebec","regions_administrative":"Laurentides","ville":"Blainville","localisation_exacte":"boul. D'Annecy"},"avis_de_recherche_contact":{"nom_et_prenom":"Myl\u00e8ne Gilbert","courriel":"mylenegilbert1978@gmail.com","telephone":"+15149220439","lien_vers_votre_profil_facebook":"","num_de_bague_ou_puce":"","je_renonce":"non"},"helpers":{"texte_de_laffiche_fr":"Perdu ins\u00e9parable \u00e0 face p\u00eache \u00e0 Blainville QC, boul. D'Annecy.","texte_de_laffiche_en":"Lost peachface lovebird in Blainville QC, D'Annecy Blvd."}},"_links":{"self":[{"href":"https:\/\/www.perroquetsecours.com\/en\/wp-json\/wp\/v2\/des-oiseaux\/23634","targetHints":{"allow":["GET"]}}],"collection":[{"href":"https:\/\/www.perroquetsecours.com\/en\/wp-json\/wp\/v2\/des-oiseaux"}],"about":[{"href":"https:\/\/www.perroquetsecours.com\/en\/wp-json\/wp\/v2\/types\/des-oiseaux"}],"acf:user":[{"embeddable":true,"href":"https:\/\/www.perroquetsecours.com\/en\/wp-json\/wp\/v2\/users\/4552"}],"wp:featuredmedia":[{"embeddable":true,"href":"https:\/\/www.perroquetsecours.com\/en\/wp-json\/wp\/v2\/media\/23633"}],"wp:attachment":[{"href":"https:\/\/www.perroquetsecours.com\/en\/wp-json\/wp\/v2\/media?parent=23634"}],"curies":[{"name":"wp","href":"https:\/\/api.w.org\/{rel}","templated":true}]}}

(31 août 2026) perdu inséparable à face pêche à Blainville QC

Blessée à une patte

Inséparable perdue Blainville/Ste-Thérèse

Mylène Gilbert

Perdu inséparable à face pêche à Blainville QC, boul. D'Annecy.
