{"id":4786,"date":"2024-05-17T22:05:20","date_gmt":"2024-05-18T02:05:20","guid":{"rendered":"https:\/\/www.perroquetsecours.com\/?post_type=des-oiseaux&#038;p=4786"},"modified":"2024-05-17T22:05:20","modified_gmt":"2024-05-18T02:05:20","slug":"16-mai-2024-perdu-cockatiel-perle-a-face-blanche-a-mirabel-qc","status":"publish","type":"des-oiseaux","link":"https:\/\/www.perroquetsecours.com\/en\/des-oiseaux\/16-mai-2024-perdu-cockatiel-perle-a-face-blanche-a-mirabel-qc","title":{"rendered":"(16 mai 2024) perdu cockatiel perl\u00e9 \u00e0 face blanche \u00e0 Mirabel QC"},"content":{"rendered":"","protected":false},"featured_media":4785,"template":"","class_list":["post-4786","des-oiseaux","type-des-oiseaux","status-publish","has-post-thumbnail","hentry"],"acf":{"user":139,"type_dannonce":"oiseau-perdu","statut":"actif","informations_generales_sur_loiseau":{"nom_de_loiseau":"Rico","espece":"cockatiels","sous-espece":"","sexe_de_loiseau":"male","couleur_principale":"blanc"},"avis_de_recherche_informations_sur_loiseau":{"age_de_loiseau":"1","si_l\u2019oiseau_a_une_bague_le_nom":"","plumes_de_vol":"non-taillees","identification":["aucune"],"couleurs_secondaires_et_autres_caracteristiques":"Gris","informations_supplementaires":""},"avis_de_recherche_localisation":{"titre_de_lannonce":"Perdu 16 mai 2024","date":"20240516","province":"quebec","regions_administrative":"Laurentides","ville":"Mirabel","localisation_exacte":"Rue du Plein Air et de la Luge"},"avis_de_recherche_contact":{"nom_et_prenom":"Stephanie Richard","courriel":"stephy2525@hotmail.com","telephone":"+15148086513","lien_vers_votre_profil_facebook":"https:\/\/www.facebook.com\/stephy2525?mibextid=LQQJ4d","num_de_bague_ou_puce":"","je_renonce":"non"},"helpers":{"texte_de_laffiche_fr":"Perdu cockatiel perl\u00e9 \u00e0 face blanche au nom de Rico \u00e0 Mirabel QC, secteur rue du Plein Air et de la Luge.","texte_de_laffiche_en":"Lost pearled white faced cockatiel named Rico in Mirabel QC, Plein Air and de la Luge streets area."}},"aioseo_notices":[],"_links":{"self":[{"href":"https:\/\/www.perroquetsecours.com\/en\/wp-json\/wp\/v2\/des-oiseaux\/4786","targetHints":{"allow":["GET"]}}],"collection":[{"href":"https:\/\/www.perroquetsecours.com\/en\/wp-json\/wp\/v2\/des-oiseaux"}],"about":[{"href":"https:\/\/www.perroquetsecours.com\/en\/wp-json\/wp\/v2\/types\/des-oiseaux"}],"acf:user":[{"embeddable":true,"href":"https:\/\/www.perroquetsecours.com\/en\/wp-json\/wp\/v2\/users\/139"}],"wp:featuredmedia":[{"embeddable":true,"href":"https:\/\/www.perroquetsecours.com\/en\/wp-json\/wp\/v2\/media\/4785"}],"wp:attachment":[{"href":"https:\/\/www.perroquetsecours.com\/en\/wp-json\/wp\/v2\/media?parent=4786"}],"curies":[{"name":"wp","href":"https:\/\/api.w.org\/{rel}","templated":true}]}}

(16 mai 2024) perdu cockatiel perlé à face blanche à Mirabel QC

Perdu cockatiel perlé à face blanche au nom de Rico à Mirabel QC, secteur rue du Plein Air et de la Luge.
